 = -5*s**2 - 72*s - 246. Calculate b(-7).
13
Let z(k) = -57*k - 192. Give z(-5).
93
Let o(c) = 247*c + 6445. Calculate o(-26).
23
Let m(g) = 11*g**2 - 479*g - 222. What is m(44)?
-2
Let v(z) = 2*z**2 - 63*z + 89. What is v(18)?
-397
Let q(a) = -56*a + 633. Give q(7).
241
Let g(b) = -97*b - 423. Give g(-6).
159
Let r(m) = 574*m + 3521. Determine r(-6).
77
Let q(y) = y**3 + 16*y**2 - 47*y + 104. Calculate q(-19).
-86
Let m(y) = 307*y - 623. Determine m(2).
-9
Let q(b) = -21*b**2 - 52*b + 160. Give q(3).
-185
Let p(s) = -21*s**2 + 10*s + 168. What is p(3)?
9
Let j(z) = z**2 - 75*z + 432. Determine j(6).
18
Let u(s) = -285*s - 7985. Calculate u(-28).
-5
Let b(q) = 2*q**3 + q**2 + 2*q - 5. Calculate b(3).
64
Let v(n) = n**3 - 13*n**2 - 24*n + 46. What is v(14)?
-94
Let x(c) = c**2 + 27*c + 15. Give x(-27).
15
Let i(a) = -4*a - 206. Calculate i(-79).
110
Let h(n) = -n**3 + 15*n**2 - 33*n - 117. What is h(8)?
67
Let o(j) = -257*j + 6174. Give o(24).
6
Let s(g) = -24046*g - 120230. What is s(-5)?
0
Let y(q) = 2*q**2 - 22*q + 83. Give y(6).
23
Let z(o) = 12*o - 712. Determine z(63).
44
Let z(r) = 11251*r - 45005. Determine z(4).
-1
Let d(n) = -n**2 - 86*n - 1826. Give d(-37).
-13
Let v(i) = 44*i + 854. What is v(-24)?
-202
Let t(h) = -18*h + 163. Calculate t(9).
1
Let a(d) = d**3 - 24*d**2 + 17*d - 191. Determine a(23).
-329
Let k(t) = 13*t + 282. Calculate k(-16).
74
Let f(z) = -3*z**2 + 5*z + 38. Calculate f(0).
38
Let c(j) = -579*j**2 - 8690*j - 74. Determine c(-15).
1
Let p(f) = -105*f - 38. Determine p(5).
-563
Let a(q) = -q**3 + 6*q**2 + 8*q - 37. What is a(5)?
28
Let h(g) = g**2 + 59*g + 403. Calculate h(-8).
-5
Let r(s) = -s**3 - s**2 - 4*s - 2. Give r(-5).
118
Let p(s) = 517*s + 5169. Calculate p(-10).
-1
Let t(w) = 9*w**3 - 776*w**2 + 171*w - 4. What is t(86)?
-90
Let w(u) = 119*u + 7019. What is w(-59)?
-2
Let z(f) = f**2 - 22*f + 64. Give z(19).
7
Let f(r) = -3*r**3 - 10*r**2 + 18*r + 35. Determine f(3).
-82
Let k(o) = -o**3 + 17*o**2 + 23*o - 42. What is k(18)?
48
Let a(z) = -z**2 - 140*z + 1602. What is a(12)?
-222
Let s(t) = -4*t**2 + 17*t - 37. Calculate s(2).
-19
Let s(f) = -49*f - 1176. Determine s(-24).
0
Let l(f) = 35*f - 792. Calculate l(24).
48
Let f(s) = -s**3 - 9*s**2 - 8*s + 7. Determine f(-9).
79
Let w(y) = -y**3 - 23*y**2 - 95*y - 85. Give w(-18).
5
Let r(o) = 2*o**3 + 25*o**2 - 5*o + 214. Determine r(-13).
110
Let m(p) = -18*p + 300. Determine m(22).
-96
Let i(f) = -15*f**2 - 38*f + 18. Calculate i(-3).
-3
Let z(s) = -14*s - 228. Calculate z(-4).
-172
Let a(r) = -r**3 + 16*r**2 + 114*r - 185. What is a(21)?
4
Let s(q) = -q**3 + 48*q**2 - 198*q - 43. Give s(5).
42
Let u(o) = 59*o + 912. What is u(-14)?
86
Let o(b) = 1907*b + 36233. Give o(-19).
0
Let v(a) = 14*a + 195. Give v(38).
727
Let f(k) = 3*k**2 - 4*k - 40. Give f(7).
79
Let x(n) = 45*n + 166. Give x(-4).
-14
Let s(o) = -3*o + 100. What is s(22)?
34
Let g(s) = -9*s - 57. Give g(-10).
33
Let s(d) = 4*d**2 + 105*d + 3. Determine s(-28).
199
Let k(t) = 117*t + 2117. Give k(-18).
11
Let t(b) = -b**2 + 97*b - 171. Determine t(95).
19
Let f(c) = 106*c - 1889. Give f(18).
19
Let w(f) = -5*f**2 - 196*f + 182. What is w(-40)?
22
Let b(w) = 15*w**3 + 3*w**2 - w - 4. Give b(-1).
-15
Let o(x) = -41*x + 3646. Give o(89).
-3
Let l(p) = 2*p**2 - 2663*p + 18583. Determine l(7).
40
Let f(w) = -w**3 + 383*w**2 - 6924*w + 156. Give f(19).
4
Let k(f) = -2*f**2 + 510*f - 9418. What is k(235)?
-18
Let c(a) = 5*a**2 + 349*a - 30. Determine c(-70).
40
Let y(o) = 43*o**2 - 4*o - 8. Calculate y(-2).
172
Let a(v) = -9*v + 435. Calculate a(50).
-15
Let z(a) = 50*a + 421. Calculate z(-8).
21
Let t(r) = r**3 + 30*r**2 - 31*r + 74. Calculate t(-31).
74
Let r(m) = -m**3 + 83*m**2 + 350*m - 195. What is r(87)?
-21
Let x(q) = -759*q - 6786. Give x(-9).
45
Let y(b) = -b**3 + 17*b**2 + 98*b - 1666. What is y(17)?
0
Let a(n) = n**3 - 48*n**2 - 12*n + 567. Determine a(48).
-9
Let o(f) = -f**3 + 14*f**2 + 19*f - 48. What is o(15)?
12
Let l(f) = -2*f**2 + 10*f + 32. Calculate l(6).
20
Let z(m) = 37*m**2 - 78*m - 2. What is z(2)?
-10
Let p(t) = -49*t + 1716. Calculate p(35).
1
Let y(s) = -2*s**3 - 18*s**2 - 139*s + 637. Calculate y(3).
4
Let m(i) = -114*i - 2452. What is m(-24)?
284
Let z(m) = 8*m - 195. Calculate z(22).
-19
Let i(d) = -d**3 + 294*d**2 + 282*d + 3841. What is i(295)?
6
Let i(y) = -y**2 + 15*y - 85. Calculate i(6).
-31
Let v(o) = -11*o + 281. Give v(30).
-49
Let u(d) = 3*d**2 - 72*d + 292. Calculate u(5).
7
Let f(s) = -s**2 + 272*s - 18465. Give f(141).
6
Let r(q) = 707*q - 2120. Calculate r(3).
1
Let s(q) = -2*q**2 - 52*q - 174. Determine s(-21).
36
Let q(j) = j**3 + 24*j**2 + 19*j - 47. Give q(-23).
45
Let o(q) = -2*q**3 - 8*q**2 - 6*q - 33. Determine o(-4).
-9
Let x(t) = -115*t**3 - 13*t**2 - 3*t + 1. Give x(-1).
106
Let v(y) = y**2 - 115*y - 1526. Calculate v(-12).
-2
Let h(s) = -s**3 - 107*s**2 - 781*s + 1088. Determine h(-99).
-1
Let b(f) = f**3 + 24*f**2 - 29*f - 16. Calculate b(-25).
84
Let p(y) = -3*y**2 + 20*y + 26. Calculate p(7).
19
Let d(r) = -7415*r - 59308. Determine d(-8).
12
Let u(k) = -25*k + 1270. Determine u(51).
-5
Let p(i) = -923*i - 13887. What is p(-15)?
-42
Let c(r) = -11*r + 81. Give c(-18).
279
Let f(i) = i**3 - 6*i**2 + 37*i - 227. Calculate f(8).
197
Let m(j) = -412*j - 2861. Determine m(-7).
23
Let u(o) = 117*o + 1564. Calculate u(-13).
43
Let t(n) = n**2 - 235*n + 2890. What is t(13)?
4
Let m(d) = 317*d + 14338. Give m(-45).
73
Let o(j) = j**2 - 9*j - 1. Calculate o(-3).
35
Let l(c) = -8*c**3 - 553*c**2 - 74*c - 344. Calculate l(-69).
1
Let h(s) = -s**3 + 108*s**2 - 13*s - 21088. What is h(106)?
6
Let z(k) = 2*k**2 - 166*k - 57452. Determine z(-133).
4
Let z(o) = 114*o + 868. What is z(-7)?
70
Let o(n) = 15*n + 70. Calculate o(-9).
-65
Let q(l) = -l**3 - 15*l**2 - 42*l + 10. What is q(-3)?
28
Let r(n) = 124*n + 7101. Calculate r(-57).
33
Let o(a) = -a**2 + 558*a - 3865. Give o(7).
-8
Let z(u) = -156*u**3 + 4*u**2 - 3. Determine z(-1).
157
Let d(b) = -431*b + 866. Calculate d(2).
4
Let y(u) = 37*u**3 + 3*u**2 - 6*u + 8. Calculate y(2).
304
Let n(i) = 291*i**2 - 813*i - 177. Give n(3).
3
Let f(y) = -y**3 + 12*y**2 + 71*y - 864. Determine f(12).
-12
Let j(i) = 4*i**3 + 22*i**2 - 9*i + 10. Determine j(-6).
-8
Let w(x) = -875*x - 2625. Give w(-3).
0
Let u(b) = 2*b**3 + 23*b**2 + 399*b + 4936. Give u(-12).
4
Let g(f) = 6*f**2 + 65*f + 185. Calculate g(-4).
21
Let v(p) = 2*p**2 - 131*p - 15058. Calculate v(-60).
2
Let p(x) = x**2 - 31*x - 313. What is p(39)?
-1
Let x(v) = 2*v**3 - 78*v**2 - 5*v + 63. Determine x(39).
-132
Let p(r) = 177*r + 6896. Calculate p(-39).
-7
Let z(v) = v**3 - 90*v - 40. Determine z(9).
-121
Let u(o) = -14*o**2 - 674*o - 98. Determine u(-48).
-2
Let i(a) = 18*a + 49. Give i(8).
193
Let v(c) = c**2 - c. What is v(-2)?
6
Let x(k) = k**2 + 30*k + 218. What is x(-10)?
18
Let t(x) = -x**3 + 12*x**2 + 108*x - 6. What is t(-6)?
-6
Let j(f) = 42*f - 2803. Calculate j(66).
-31
Let n(l) = -l**3 + 7*l**2 - 17*l - 384. Determine n(-5).
1
Let i(z) = -79*z - 392. Give i(-6).
82
Let a(k) = 8*k**3 + 150*k**2 - 32*k + 121. What is a(-19)?
7
Let x(l) = -2*l**2 + 3*l + 204. Calculate x(11).
-5
Let p(o) = -141*o**3 - 5*o**2 - 12*o - 12. What is p(-1)?
136
Let r(u) = u**2 + 111*u - 2458. Give r(-130).
12
Let l(n) = n**3 + 21*n**2 - 28*n - 117. What is l(-22)?
15
Let t(b) = 2*b**3 + 39*b**2 - 24*b - 79. Determine t(-20).
1
Let z(m) = -851*m + 10100. Determine z(12).
-112
Let i(t) = 217*t - 6730. Determine i(31).
-3
Let b(g) = -36*g - 6. Calculate b(0).
-6
Let h(i) = i**2 - 58*i + 442. What is h(10)?
-38
Let k(o) = 2*o**2 - 7*o + 16. What is k(2)?
10
Let s(l) = l**3 - 13*l**2 - 268*l + 98. Calculate s(24).
2
Let m(w) = w**2 + 32*w + 235. What is m(-20)?
-5
Let w(r) = r**2 + 13*r - 36. What is w(-11)?
-58
Let z(s) = 753*s - 67769. What is z(90)?
1
Let z(p) = 3*p**3 - 27*p**2 - p + 3. Calculate z(9).
-6
Let v(x) = 974*x - 11733. Determine v(12).
-45
Let s(b) = -5*b**3 - 11*b**2 + 177*b + 380. Determine s(-2).
22
Let s(p) = -2*p**3 - 18*p**2 + 30*p + 122. Calculate s(-10).
22
Let i(c) = 259*c - 30. Calculate i(0).
-30
Let l(d) = -2*d**2 - 24*d - 2. What is l(-13)?
-28
Let a(t) = -t**2 - 1673*t - 23225. Determine a(-14).
1
Let s(f) = 198*f + 24165. Calculate s(-122).